
1dbc729 (base 14) to base 11
8500350
What is -24552211 (base 6) in base 8?
-3013457
What is -7b302 (base 12) in base 10?
-164594
What is 10111340 (base 6) in base 10?
289356
Convert -7a1d5 (base 15) to base 2.
-1011110110111000110
-367571 (base 8) to base 4
-132331321
Convert -500805 (base 12) to base 3.
-2100021020212
What is -1002331 (base 9) in base 8?
-2021262
What is 57803 (base 13) in base 14?
421d9
Convert -a4181 (base 13) to base 16.
-47f10
Convert -3313110 (base 5) to base 4.
-31333000
What is -153278 (base 13) in base 16?
-7f3a6
-14043554 (base 6) to base 3
-220000021221
-122010020012 (base 3) to base 11
-210192
-404251 (base 10) to base 5
-100414001
Convert b3590a (base 12) to base 2.
1010101101110111011010
Convert 10110122102 (base 3) to base 8.
205253
-3a74a3 (base 11) to base 4
-2130013311
What is -63351d (base 15) in base 8?
-22001453
Convert -19e65 (base 15) to base 10.
-84245
Convert 113131332 (base 4) to base 6.
2021010
What is 98845 (base 11) in base 10?
143434
Convert -e6e06 (base 15) to base 10.
-732156
What is -21200130111 (base 4) in base 8?
-11403425
Convert -3794629 (base 10) to base 5.
-1432412004
Convert -102023 (base 13) to base 11.
-237310
What is 211233100 (base 4) in base 8?
455720
12304 (base 8) to base 10
5316
Convert -54102263 (base 8) to base 13.
-252066a
Convert -11310223 (base 4) to base 2.
-101110100101011
110101211001 (base 3) to base 16
3b971
Convert -100112000222 (base 3) to base 2.
-101101101111110011
Convert 121412222 (base 5) to base 8.
2144701
1314022 (base 6) to base 3
10122222112
Convert -151e4 (base 16) to base 3.
-11101122201
-2002221440 (base 5) to base 12
-13a3165
What is -101001002112112 (base 3) in base 11?
-3014a78
Convert -1536145 (base 7) to base 4.
-303201103
Convert -795804 (base 10) to base 6.
-25020140
Convert 657bc (base 16) to base 8.
1453674
Convert 619566 (base 12) to base 7.
16001604
What is -9b2384 (base 13) in base 11?
-2080476
Convert -2104024001 (base 5) to base 11.
-2509640
Convert 3c9c50 (base 15) to base 12.
b89133
Convert -230312120 (base 5) to base 12.
-415846
Convert 25471362 (base 8) to base 13.
12349a5
What is 3213120 (base 6) in base 14?
4158c
What is 272304 (base 10) in base 13?
96c36
Convert 1021200212001 (base 3) to base 9.
1250761
-13921 (base 11) to base 15
-5cb6
-a76e0 (base 15) to base 12
-217663
1bdd9 (base 16) to base 9
183508
-83aca3 (base 14) to base 16
-43de1f
Convert ab96 (base 12) to base 5.
1101403
Convert -1631355 (base 9) to base 8.
-3352310
482735 (base 10) to base 2
1110101110110101111
-14a2ab (base 13) to base 9
-853738
What is 1ba22 (base 14) in base 5?
4224330
Convert 16426412 (base 8) to base 12.
133a462
Convert -110101101110110010110111 (base 2) to base 3.
-222111121101220
5337135 (base 8) to base 14
29144d
What is 33312310103 (base 4) in base 11?
2389a90
What is 273500 (base 9) in base 7?
1262523
-97a0a (base 13) to base 4
-1002323100
What is -205202 (base 8) in base 6?
-1243510
Convert -20120 (base 16) to base 9.
-220165
What is -23062502 (base 7) in base 4?
-13230002030
ffe1 (base 16) to base 7
361656
Convert -232112013010 (base 4) to base 14.
-1883792
What is -422bc7 (base 15) in base 10?
-3148162
What is 1012232322 (base 4) in base 2?
1000110101110111010
Convert -14435426 (base 7) to base 16.
-14e985
Convert 12e4c2 (base 15) to base 12.
37a025
What is 3e9a19 (base 16) in base 13?
b0852b
152a95a (base 11) to base 10
2620562
-1a10d (base 14) to base 5
-4103230
Convert -7d517b (base 15) to base 14.
-b1d422
-12581d (base 15) to base 10
-879328
Convert 100001000011000110000 (base 2) to base 10.
1082928
Convert -e0edb (base 15) to base 7.
-6024053
-27521312 (base 9) to base 2
-110011110111001011101111
Convert 410b44 (base 12) to base 15.
15181a
-29716c (base 13) to base 6
-33432201
What is -3432336 (base 7) in base 6?
-13102330
Convert 1024165 (base 8) to base 11.
176809
1131331220 (base 4) to base 16
5df68
Convert 560297 (base 14) to base 5.
1221421031
What is -181101 (base 9) in base 11?
-77455
4304103 (base 6) to base 4
303132213
-115301435 (base 7) to base 6
-414524555
Convert -23103212232 (base 4) to base 11.
-17448a2
Convert 4200411 (base 7) to base 16.
7b25e
8a81c7 (base 13) to base 11
1936779
Convert 341420143 (base 5) to base 12.
61005a
Convert 4494606 (base 10) to base 7.
53126544
Convert 11223443 (base 5) to base 13.
3740a
-302bb (base 13) to base 4
-111002133
Convert 420053323 (base 6) to base 13.
16811ca
What is 2040301 (base 5) in base 6?
420334
Convert -4a36442 (base 11) to base 5.
-4214433233
What is -24813 (base 16) in base 14?
-3c6c3
Convert -267562 (base 10) to base 2.
-1000001010100101010
1456641 (base 9) to base 3
1111220201101
-1035175 (base 8) to base 16
-43a7d
Convert -4374634 (base 9) to base 11.
-1367329
Convert 562720 (base 8) to base 5.
22034104
What is 2300201030 (base 4) in base 6?
23255152
-374434 (base 9) to base 6
-4503521
-22110011110002 (base 3) to base 15
-5da9cb
Convert -4b05 (base 12) to base 7.
-33533
What is b1807 (base 12) in base 3?
102201211221
Convert 42146542 (base 7) to base 12.
123719a
-1a877 (base 14) to base 16
-107c9
What is 55020134 (base 7) in base 3?
22212100001102
What is -1c2dab (base 16) in base 8?
-7026653
Convert -b6bc7 (base 16) to base 13.
-2028bc
Convert 21053052 (base 7) to base 6.
102034330
What is 22355543 (base 6) in base 15?
d7b39
Convert -2556022 (base 7) to base 9.
-557317
242242210 (base 6) to base 9
8571126
445862 (base 9) to base 3
111112222002
-200201211100111 (base 3) to base 10
-9956209
What is 111110111000011100 (base 2) in base 14?
69c16
What is -769c9 (base 14) in base 15?
-5a1e7
Convert -330300141 (base 5) to base 12.
-583307
11111000011010110111 (base 2) to base 15
151752
What is -1021123121 (base 6) in base 7?
-156623413
105797 (base 10) to base 11
7253a
Convert 52a921a (base 12) to base 16.
eecff6
What is 254605 (base 8) in base 2?
10101100110000101
What is -6015435 (base 7) in base 8?
-2553130
111211132013 (base 4) to base 13
1231736
What is 1cc0b5 (base 14) in base 3?
1221102111122
What is -1032312 (base 11) in base 5?
-431143042
-103023233 (base 4) to base 10
-78575
What is -b81500 (base 14) in base 10?
-6227116
Convert 1010100100011111101 (base 2) to base 12.
148539
What is 123322 (base 5) in base 14?
1a97
What is -39180a (base 11) in base 10?
-617231
Convert 137312 (base 12) to base 5.
40323312
What is 6d7ac5 (base 15) in base 2?
10011111111011001110011
Convert -1522666 (base 7) to base 2.
-110010101010011010
What is -10011111111010 (base 2) in base 14?
-3a30
121202212212 (base 3) to base 15
67c52
11130043413 (base 5) to base 11
6a73313
189a946 (base 14) to base 12
4108396
What is -65811 (base 12) in base 2?
-100000110001001101
Convert 340012 (base 6) to base 8.
67550
Convert -13d822 (base 15) to base 13.
-276761
What is -1343323401 (base 5) in base 13?
-95503a
215926 (base 10) to base 5
23402201
-1020110022121 (base 3) to base 13
-1a0974
What is 21649 (base 14) in base 16?
13bb1
Convert -1101011000110010 (base 2) to base 9.
-83186
Convert -52410275 (base 8) to base 5.
-10323123110
100011212212 (base 3) to base 8
540743
What is -2022133 (base 5) in base 14?
-bd45
Convert -1015144233 (base 6) to base 5.
-10203323304
-201165 (base 7) to base 6
-421353
Convert 1b84a (base 14) to base 8.
211132
Convert -598a3 (base 12) to base 8.
-353273
Convert -56a248 (base 11) to base 2.
-11011101010111010001
101010011001111111 (base 2) to base 3
22211021011
-1211232224 (base 5) to base 4
-22310201110
What is -26045452 (base 7) in base 8?
-11012164
-3310111210 (base 4) to base 16
-f4564
What is -10110110000011101101011 (base 2) in base 14?
-b14119
-427311 (base 8) to base 2
-100010111011001001
What is 34a1bba (base 13) in base 2?
111110000000100110111010
What is 1b6cb8 (base 14) in base 10?
979378
What is -146b78 (base 12) in base 8?
-1237414
Convert -772e8 (base 15) to base 9.
-636382
Convert -386530 (base 11) to base 14.
-11bc93
What is -254176 (base 9) in base 12?
-75129
15403130 (base 7) to base 9
2705302
-202122012120 (base 3) to base 4
-1203022323
What is 6d2e9 (base 16) in base 9?
751408
What is 11100011010011010 (base 2) in base 6?
2254442
Convert -24336623 (base 9) to base 10.
-11893413
What is -100000101011110001110011 (base 2) in base 13?
-1a0caa0
What is 42d35